{"id":1330,"date":"2020-07-22T21:41:22","date_gmt":"2020-07-22T21:41:22","guid":{"rendered":"https:\/\/freshsites.afterschool.media\/raisincity-es\/?page_id=1330"},"modified":"2022-01-28T22:06:16","modified_gmt":"2022-01-28T22:06:16","slug":"announcements","status":"publish","type":"page","link":"https:\/\/freshsites.afterschool.media\/raisincity-es\/parents\/announcements\/","title":{"rendered":"Announcements"},"content":{"rendered":"\t\t<div data-elementor-type=\"wp-page\" data-elementor-id=\"1330\" class=\"elementor elementor-1330\" data-elementor-post-type=\"page\">\n\t\t\t\t\t\t<section data-particle_enable=\"false\" data-particle-mobile-disabled=\"false\" class=\"elementor-section elementor-top-section elementor-element elementor-element-7f31044d elementor-section-boxed elementor-section-height-default elementor-section-height-default\" data-id=\"7f31044d\" data-element_type=\"section\">\n\t\t\t\t\t\t<div class=\"elementor-container elementor-column-gap-default\">\n\t\t\t\t\t<div class=\"elementor-column elementor-col-100 elementor-top-column elementor-element elementor-element-7ac74f9c\" data-id=\"7ac74f9c\" data-element_type=\"column\">\n\t\t\t<div class=\"elementor-widget-wrap elementor-element-populated\">\n\t\t\t\t\t\t<div class=\"elementor-element elementor-element-2603f59 elementor-nav-menu__align-start elementor-nav-menu--dropdown-none elementor-widget elementor-widget-global elementor-global-1424 elementor-widget-nav-menu\" data-id=\"2603f59\" data-element_type=\"widget\" data-settings=\"{&quot;layout&quot;:&quot;horizontal&quot;,&quot;submenu_icon&quot;:{&quot;value&quot;:&quot;fas fa-caret-down&quot;,&quot;library&quot;:&quot;fa-solid&quot;}}\" data-widget_type=\"nav-menu.default\">\n\t\t\t\t<div class=\"elementor-widget-container\">\n\t\t\t\t\t\t\t\t<nav aria-label=\"Menu\" class=\"elementor-nav-menu--main elementor-nav-menu__container elementor-nav-menu--layout-horizontal e--pointer-background e--animation-fade\">\n\t\t\t\t<ul id=\"menu-1-2603f59\" class=\"elementor-nav-menu\"><li class=\"menu-item menu-item-type-post_type menu-item-object-page menu-item-1357\"><a href=\"https:\/\/freshsites.afterschool.media\/raisincity-es\/parents\/announcements\/\" class=\"elementor-item\">Announcements<\/a><\/li>\n<li class=\"menu-item menu-item-type-post_type menu-item-object-page menu-item-1337\"><a href=\"https:\/\/freshsites.afterschool.media\/raisincity-es\/parents\/parent-handbook\/\" class=\"elementor-item\">Parent Handbook<\/a><\/li>\n<li class=\"menu-item menu-item-type-post_type menu-item-object-page menu-item-1338\"><a href=\"https:\/\/freshsites.afterschool.media\/raisincity-es\/parents\/resources\/\" class=\"elementor-item\">Resources<\/a><\/li>\n<\/ul>\t\t\t<\/nav>\n\t\t\t\t\t\t<nav class=\"elementor-nav-menu--dropdown elementor-nav-menu__container\" aria-hidden=\"true\">\n\t\t\t\t<ul id=\"menu-2-2603f59\" class=\"elementor-nav-menu\"><li class=\"menu-item menu-item-type-post_type menu-item-object-page menu-item-1357\"><a href=\"https:\/\/freshsites.afterschool.media\/raisincity-es\/parents\/announcements\/\" class=\"elementor-item\" tabindex=\"-1\">Announcements<\/a><\/li>\n<li class=\"menu-item menu-item-type-post_type menu-item-object-page menu-item-1337\"><a href=\"https:\/\/freshsites.afterschool.media\/raisincity-es\/parents\/parent-handbook\/\" class=\"elementor-item\" tabindex=\"-1\">Parent Handbook<\/a><\/li>\n<li class=\"menu-item menu-item-type-post_type menu-item-object-page menu-item-1338\"><a href=\"https:\/\/freshsites.afterschool.media\/raisincity-es\/parents\/resources\/\" class=\"elementor-item\" tabindex=\"-1\">Resources<\/a><\/li>\n<\/ul>\t\t\t<\/nav>\n\t\t\t\t\t\t<\/div>\n\t\t\t\t<\/div>\n\t\t\t\t\t<\/div>\n\t\t<\/div>\n\t\t\t\t\t<\/div>\n\t\t<\/section>\n\t\t\t\t<section data-particle_enable=\"false\" data-particle-mobile-disabled=\"false\" class=\"elementor-section elementor-top-section elementor-element elementor-element-5623dc68 elementor-section-boxed elementor-section-height-default elementor-section-height-default\" data-id=\"5623dc68\" data-element_type=\"section\">\n\t\t\t\t\t\t<div class=\"elementor-container elementor-column-gap-default\">\n\t\t\t\t\t<div class=\"elementor-column elementor-col-100 elementor-top-column elementor-element elementor-element-37744a48\" data-id=\"37744a48\" data-element_type=\"column\">\n\t\t\t<div class=\"elementor-widget-wrap elementor-element-populated\">\n\t\t\t\t\t\t<section data-particle_enable=\"false\" data-particle-mobile-disabled=\"false\" class=\"elementor-section elementor-inner-section elementor-element elementor-element-31dee880 elementor-section-boxed elementor-section-height-default elementor-section-height-default\" data-id=\"31dee880\" data-element_type=\"section\">\n\t\t\t\t\t\t<div class=\"elementor-container elementor-column-gap-default\">\n\t\t\t\t\t<div class=\"elementor-column elementor-col-50 elementor-inner-column elementor-element elementor-element-134d13e2\" data-id=\"134d13e2\" data-element_type=\"column\">\n\t\t\t<div class=\"elementor-widget-wrap elementor-element-populated\">\n\t\t\t\t\t\t<div class=\"elementor-element elementor-element-4ff43c8 elementor-widget elementor-widget-image\" data-id=\"4ff43c8\" data-element_type=\"widget\" data-widget_type=\"image.default\">\n\t\t\t\t<div class=\"elementor-widget-container\">\n\t\t\t\t\t\t\t\t\t\t\t\t\t\t\t<img fetchpriority=\"high\" decoding=\"async\" width=\"250\" height=\"500\" src=\"https:\/\/freshsites.afterschool.media\/raisincity-es\/wp-content\/uploads\/sites\/33\/2020\/07\/announcements.jpg\" class=\"attachment-full size-full wp-image-1383\" alt=\"\" srcset=\"https:\/\/freshsites.afterschool.media\/raisincity-es\/wp-content\/uploads\/sites\/33\/2020\/07\/announcements.jpg 250w, https:\/\/freshsites.afterschool.media\/raisincity-es\/wp-content\/uploads\/sites\/33\/2020\/07\/announcements-150x300.jpg 150w\" sizes=\"(max-width: 250px) 100vw, 250px\" \/>\t\t\t\t\t\t\t\t\t\t\t\t\t\t\t<\/div>\n\t\t\t\t<\/div>\n\t\t\t\t\t<\/div>\n\t\t<\/div>\n\t\t\t\t<div class=\"elementor-column elementor-col-50 elementor-inner-column elementor-element elementor-element-57b1161d\" data-id=\"57b1161d\" data-element_type=\"column\">\n\t\t\t<div class=\"elementor-widget-wrap elementor-element-populated\">\n\t\t\t\t\t\t<div class=\"elementor-element elementor-element-7d8fd0f3 elementor-position-left elementor-view-default elementor-mobile-position-top elementor-vertical-align-top elementor-widget elementor-widget-icon-box\" data-id=\"7d8fd0f3\" data-element_type=\"widget\" data-widget_type=\"icon-box.default\">\n\t\t\t\t<div class=\"elementor-widget-container\">\n\t\t\t\t\t\t\t<div class=\"elementor-icon-box-wrapper\">\n\n\t\t\t\t\t\t<div class=\"elementor-icon-box-icon\">\n\t\t\t\t<span  class=\"elementor-icon\">\n\t\t\t\t<i aria-hidden=\"true\" class=\"fas fa-bullhorn\"><\/i>\t\t\t\t<\/span>\n\t\t\t<\/div>\n\t\t\t\n\t\t\t\t\t\t<div class=\"elementor-icon-box-content\">\n\n\t\t\t\t\t\t\t\t\t<h3 class=\"elementor-icon-box-title\">\n\t\t\t\t\t\t<span  >\n\t\t\t\t\t\t\tSchedule Change Begins October 5, 2020. \t\t\t\t\t\t<\/span>\n\t\t\t\t\t<\/h3>\n\t\t\t\t\n\t\t\t\t\t\t\t\t\t<p class=\"elementor-icon-box-description\">\n\t\t\t\t\t\tOur virtual program will be adjusting to match the Raisin City School District's cohort schedule. See the schedule tab for changes \t\t\t\t\t<\/p>\n\t\t\t\t\n\t\t\t<\/div>\n\t\t\t\n\t\t<\/div>\n\t\t\t\t\t\t<\/div>\n\t\t\t\t<\/div>\n\t\t\t\t<div class=\"elementor-element elementor-element-40deceb elementor-position-left elementor-view-default elementor-mobile-position-top elementor-vertical-align-top elementor-widget elementor-widget-icon-box\" data-id=\"40deceb\" data-element_type=\"widget\" data-widget_type=\"icon-box.default\">\n\t\t\t\t<div class=\"elementor-widget-container\">\n\t\t\t\t\t\t\t<div class=\"elementor-icon-box-wrapper\">\n\n\t\t\t\t\t\t<div class=\"elementor-icon-box-icon\">\n\t\t\t\t<span  class=\"elementor-icon\">\n\t\t\t\t<i aria-hidden=\"true\" class=\"fas fa-bullhorn\"><\/i>\t\t\t\t<\/span>\n\t\t\t<\/div>\n\t\t\t\n\t\t\t\t\t\t<div class=\"elementor-icon-box-content\">\n\n\t\t\t\t\t\t\t\t\t<h3 class=\"elementor-icon-box-title\">\n\t\t\t\t\t\t<span  >\n\t\t\t\t\t\t\tStudent Schedules\/Horario de los Estudiantes\t\t\t\t\t\t<\/span>\n\t\t\t\t\t<\/h3>\n\t\t\t\t\n\t\t\t\t\t\t\t\t\t<p class=\"elementor-icon-box-description\">\n\t\t\t\t\t\tSee what time your child will login for activities. \nVer a qu\u00e9 hora iniciar\u00e1 sesi\u00f3n su hijo para las actividades.\t\t\t\t\t<\/p>\n\t\t\t\t\n\t\t\t<\/div>\n\t\t\t\n\t\t<\/div>\n\t\t\t\t\t\t<\/div>\n\t\t\t\t<\/div>\n\t\t\t\t<div class=\"elementor-element elementor-element-92ca5e2 elementor-align-center elementor-widget elementor-widget-button\" data-id=\"92ca5e2\" data-element_type=\"widget\" data-widget_type=\"button.default\">\n\t\t\t\t<div class=\"elementor-widget-container\">\n\t\t\t\t\t\t\t\t\t<div class=\"elementor-button-wrapper\">\n\t\t\t\t\t<a class=\"elementor-button elementor-button-link elementor-size-sm\" href=\"https:\/\/freshsites.afterschool.media\/raisincity-es\/schedule\/\">\n\t\t\t\t\t\t<span class=\"elementor-button-content-wrapper\">\n\t\t\t\t\t\t\t\t\t<span class=\"elementor-button-text\">Student Schedule\/Horario de los Estudiantes<\/span>\n\t\t\t\t\t<\/span>\n\t\t\t\t\t<\/a>\n\t\t\t\t<\/div>\n\t\t\t\t\t\t\t\t<\/div>\n\t\t\t\t<\/div>\n\t\t\t\t<div class=\"elementor-element elementor-element-a70f860 elementor-position-left elementor-view-default elementor-mobile-position-top elementor-vertical-align-top elementor-widget elementor-widget-icon-box\" data-id=\"a70f860\" data-element_type=\"widget\" data-widget_type=\"icon-box.default\">\n\t\t\t\t<div class=\"elementor-widget-container\">\n\t\t\t\t\t\t\t<div class=\"elementor-icon-box-wrapper\">\n\n\t\t\t\t\t\t<div class=\"elementor-icon-box-icon\">\n\t\t\t\t<span  class=\"elementor-icon\">\n\t\t\t\t<i aria-hidden=\"true\" class=\"fas fa-bullhorn\"><\/i>\t\t\t\t<\/span>\n\t\t\t<\/div>\n\t\t\t\n\t\t\t\t\t\t<div class=\"elementor-icon-box-content\">\n\n\t\t\t\t\t\t\t\t\t<h3 class=\"elementor-icon-box-title\">\n\t\t\t\t\t\t<span  >\n\t\t\t\t\t\t\tReport card\/Boleta de calificaciones\t\t\t\t\t\t<\/span>\n\t\t\t\t\t<\/h3>\n\t\t\t\t\n\t\t\t\t\t\t\t\t\t<p class=\"elementor-icon-box-description\">\n\t\t\t\t\t\tOur program is evaluated for quality and continued improvement. Se the report card link for the latest information.  \nNuestro programa es evaluado por su calidad y mejora continua. Consulte el enlace de la boleta de calificaciones para obtener la informaci\u00f3n m\u00e1s reciente. \t\t\t\t\t<\/p>\n\t\t\t\t\n\t\t\t<\/div>\n\t\t\t\n\t\t<\/div>\n\t\t\t\t\t\t<\/div>\n\t\t\t\t<\/div>\n\t\t\t\t<div class=\"elementor-element elementor-element-43c7100f elementor-position-left elementor-view-default elementor-mobile-position-top elementor-vertical-align-top elementor-widget elementor-widget-icon-box\" data-id=\"43c7100f\" data-element_type=\"widget\" data-widget_type=\"icon-box.default\">\n\t\t\t\t<div class=\"elementor-widget-container\">\n\t\t\t\t\t\t\t<div class=\"elementor-icon-box-wrapper\">\n\n\t\t\t\t\t\t<div class=\"elementor-icon-box-icon\">\n\t\t\t\t<span  class=\"elementor-icon\">\n\t\t\t\t<i aria-hidden=\"true\" class=\"fas fa-bullhorn\"><\/i>\t\t\t\t<\/span>\n\t\t\t<\/div>\n\t\t\t\n\t\t\t\t\t\t<div class=\"elementor-icon-box-content\">\n\n\t\t\t\t\t\t\t\t\t<h3 class=\"elementor-icon-box-title\">\n\t\t\t\t\t\t<span  >\n\t\t\t\t\t\t\tPlant Science\t\t\t\t\t\t<\/span>\n\t\t\t\t\t<\/h3>\n\t\t\t\t\n\t\t\t\t\t\t\t\t\t<p class=\"elementor-icon-box-description\">\n\t\t\t\t\t\tRaisin City Expanded Learning Program will be participating in plant science enrichment activities beginning spring 2022. \t\t\t\t\t<\/p>\n\t\t\t\t\n\t\t\t<\/div>\n\t\t\t\n\t\t<\/div>\n\t\t\t\t\t\t<\/div>\n\t\t\t\t<\/div>\n\t\t\t\t<div class=\"elementor-element elementor-element-3eb08fa6 elementor-position-left elementor-view-default elementor-mobile-position-top elementor-vertical-align-top elementor-widget elementor-widget-icon-box\" data-id=\"3eb08fa6\" data-element_type=\"widget\" data-widget_type=\"icon-box.default\">\n\t\t\t\t<div class=\"elementor-widget-container\">\n\t\t\t\t\t\t\t<div class=\"elementor-icon-box-wrapper\">\n\n\t\t\t\t\t\t<div class=\"elementor-icon-box-icon\">\n\t\t\t\t<a href=\"https:\/\/freshsites.afterschool.media\/raisincity-es\/wp-content\/uploads\/sites\/33\/2020\/08\/one-page-zoom-rooms-controller-guide-web.pdf\" class=\"elementor-icon\" tabindex=\"-1\" aria-label=\"Zoom Quick Start Guide\">\n\t\t\t\t<i aria-hidden=\"true\" class=\"fas fa-bullhorn\"><\/i>\t\t\t\t<\/a>\n\t\t\t<\/div>\n\t\t\t\n\t\t\t\t\t\t<div class=\"elementor-icon-box-content\">\n\n\t\t\t\t\t\t\t\t\t<h3 class=\"elementor-icon-box-title\">\n\t\t\t\t\t\t<a href=\"https:\/\/freshsites.afterschool.media\/raisincity-es\/wp-content\/uploads\/sites\/33\/2020\/08\/one-page-zoom-rooms-controller-guide-web.pdf\" >\n\t\t\t\t\t\t\tZoom Quick Start Guide\t\t\t\t\t\t<\/a>\n\t\t\t\t\t<\/h3>\n\t\t\t\t\n\t\t\t\t\t\t\t\t\t<p class=\"elementor-icon-box-description\">\n\t\t\t\t\t\tClick the link below for a Zoom quick start guide on meeting controls. \t\t\t\t\t<\/p>\n\t\t\t\t\n\t\t\t<\/div>\n\t\t\t\n\t\t<\/div>\n\t\t\t\t\t\t<\/div>\n\t\t\t\t<\/div>\n\t\t\t\t<div class=\"elementor-element elementor-element-4c6671d elementor-position-left elementor-view-default elementor-mobile-position-top elementor-vertical-align-top elementor-widget elementor-widget-icon-box\" data-id=\"4c6671d\" data-element_type=\"widget\" data-widget_type=\"icon-box.default\">\n\t\t\t\t<div class=\"elementor-widget-container\">\n\t\t\t\t\t\t\t<div class=\"elementor-icon-box-wrapper\">\n\n\t\t\t\t\t\t<div class=\"elementor-icon-box-icon\">\n\t\t\t\t<a href=\"https:\/\/freshsites.afterschool.media\/raisincity-es\/programs\/zoom\/\" class=\"elementor-icon\" tabindex=\"-1\" aria-label=\"Resource Page\">\n\t\t\t\t<i aria-hidden=\"true\" class=\"fas fa-bullhorn\"><\/i>\t\t\t\t<\/a>\n\t\t\t<\/div>\n\t\t\t\n\t\t\t\t\t\t<div class=\"elementor-icon-box-content\">\n\n\t\t\t\t\t\t\t\t\t<h3 class=\"elementor-icon-box-title\">\n\t\t\t\t\t\t<a href=\"https:\/\/freshsites.afterschool.media\/raisincity-es\/programs\/zoom\/\" >\n\t\t\t\t\t\t\tResource Page\t\t\t\t\t\t<\/a>\n\t\t\t\t\t<\/h3>\n\t\t\t\t\n\t\t\t\t\t\t\t\t\t<p class=\"elementor-icon-box-description\">\n\t\t\t\t\t\tFind helpful videos and tips on how to connect to ZOOM, how to use the schedule and more. \t\t\t\t\t<\/p>\n\t\t\t\t\n\t\t\t<\/div>\n\t\t\t\n\t\t<\/div>\n\t\t\t\t\t\t<\/div>\n\t\t\t\t<\/div>\n\t\t\t\t<div class=\"elementor-element elementor-element-45f49312 elementor-position-left elementor-view-default elementor-mobile-position-top elementor-vertical-align-top elementor-widget elementor-widget-icon-box\" data-id=\"45f49312\" data-element_type=\"widget\" data-widget_type=\"icon-box.default\">\n\t\t\t\t<div class=\"elementor-widget-container\">\n\t\t\t\t\t\t\t<div class=\"elementor-icon-box-wrapper\">\n\n\t\t\t\t\t\t<div class=\"elementor-icon-box-icon\">\n\t\t\t\t<span  class=\"elementor-icon\">\n\t\t\t\t<i aria-hidden=\"true\" class=\"fas fa-bullhorn\"><\/i>\t\t\t\t<\/span>\n\t\t\t<\/div>\n\t\t\t\n\t\t\t\t\t\t<div class=\"elementor-icon-box-content\">\n\n\t\t\t\t\t\t\t\t\t<h3 class=\"elementor-icon-box-title\">\n\t\t\t\t\t\t<span  >\n\t\t\t\t\t\t\tParent Information\t\t\t\t\t\t<\/span>\n\t\t\t\t\t<\/h3>\n\t\t\t\t\n\t\t\t\t\t\t\t\t\t<p class=\"elementor-icon-box-description\">\n\t\t\t\t\t\tLog in information, a welcome video and class schedule have been emailed to all participating students, please check your email for this information.\t\t\t\t\t<\/p>\n\t\t\t\t\n\t\t\t<\/div>\n\t\t\t\n\t\t<\/div>\n\t\t\t\t\t\t<\/div>\n\t\t\t\t<\/div>\n\t\t\t\t\t<\/div>\n\t\t<\/div>\n\t\t\t\t\t<\/div>\n\t\t<\/section>\n\t\t\t\t\t<\/div>\n\t\t<\/div>\n\t\t\t\t\t<\/div>\n\t\t<\/section>\n\t\t\t\t<\/div>\n\t\t","protected":false},"excerpt":{"rendered":"<p>Schedule Change Begins October 5, 2020. Our virtual program will be adjusting to match the Raisin City School District&#8217;s cohort schedule. See the schedule tab for changes Student Schedules\/Horario de los Estudiantes See what time your child will login for activities. Ver a qu\u00e9 hora iniciar\u00e1 sesi\u00f3n su hijo para las actividades. Student Schedule\/Horario de [&hellip;]<\/p>\n","protected":false},"author":2,"featured_media":0,"parent":2224,"menu_order":0,"comment_status":"closed","ping_status":"closed","template":"","meta":{"footnotes":""},"class_list":["post-1330","page","type-page","status-publish","hentry"],"yoast_head":"<!-- This site is optimized with the Yoast SEO plugin v25.5 - https:\/\/yoast.com\/wordpress\/plugins\/seo\/ -->\n<title>Announcements - Raisin City Elementary<\/title>\n<meta name=\"robots\" content=\"index, follow, max-snippet:-1, max-image-preview:large, max-video-preview:-1\" \/>\n<link rel=\"canonical\" href=\"https:\/\/freshsites.afterschool.media\/raisincity-es\/parents\/announcements\/\" \/>\n<meta property=\"og:locale\" content=\"en_US\" \/>\n<meta property=\"og:type\" content=\"article\" \/>\n<meta property=\"og:title\" content=\"Announcements - Raisin City Elementary\" \/>\n<meta property=\"og:description\" content=\"Schedule Change Begins October 5, 2020. Our virtual program will be adjusting to match the Raisin City School District&#8217;s cohort schedule. See the schedule tab for changes Student Schedules\/Horario de los Estudiantes See what time your child will login for activities. Ver a qu\u00e9 hora iniciar\u00e1 sesi\u00f3n su hijo para las actividades. Student Schedule\/Horario de [&hellip;]\" \/>\n<meta property=\"og:url\" content=\"https:\/\/freshsites.afterschool.media\/raisincity-es\/parents\/announcements\/\" \/>\n<meta property=\"og:site_name\" content=\"Raisin City Elementary\" \/>\n<meta property=\"article:modified_time\" content=\"2022-01-28T22:06:16+00:00\" \/>\n<meta property=\"og:image\" content=\"https:\/\/freshsites.afterschool.media\/raisincity-es\/wp-content\/uploads\/sites\/33\/2020\/07\/announcements.jpg\" \/>\n<meta name=\"twitter:card\" content=\"summary_large_image\" \/>\n<meta name=\"twitter:label1\" content=\"Est. reading time\" \/>\n\t<meta name=\"twitter:data1\" content=\"1 minute\" \/>\n<script type=\"application\/ld+json\" class=\"yoast-schema-graph\">{\"@context\":\"https:\/\/schema.org\",\"@graph\":[{\"@type\":\"WebPage\",\"@id\":\"https:\/\/freshsites.afterschool.media\/raisincity-es\/parents\/announcements\/\",\"url\":\"https:\/\/freshsites.afterschool.media\/raisincity-es\/parents\/announcements\/\",\"name\":\"Announcements - Raisin City Elementary\",\"isPartOf\":{\"@id\":\"https:\/\/freshsites.afterschool.media\/raisincity-es\/#website\"},\"primaryImageOfPage\":{\"@id\":\"https:\/\/freshsites.afterschool.media\/raisincity-es\/parents\/announcements\/#primaryimage\"},\"image\":{\"@id\":\"https:\/\/freshsites.afterschool.media\/raisincity-es\/parents\/announcements\/#primaryimage\"},\"thumbnailUrl\":\"https:\/\/freshsites.afterschool.media\/raisincity-es\/wp-content\/uploads\/sites\/33\/2020\/07\/announcements.jpg\",\"datePublished\":\"2020-07-22T21:41:22+00:00\",\"dateModified\":\"2022-01-28T22:06:16+00:00\",\"breadcrumb\":{\"@id\":\"https:\/\/freshsites.afterschool.media\/raisincity-es\/parents\/announcements\/#breadcrumb\"},\"inLanguage\":\"en-US\",\"potentialAction\":[{\"@type\":\"ReadAction\",\"target\":[\"https:\/\/freshsites.afterschool.media\/raisincity-es\/parents\/announcements\/\"]}]},{\"@type\":\"ImageObject\",\"inLanguage\":\"en-US\",\"@id\":\"https:\/\/freshsites.afterschool.media\/raisincity-es\/parents\/announcements\/#primaryimage\",\"url\":\"https:\/\/freshsites.afterschool.media\/raisincity-es\/wp-content\/uploads\/sites\/33\/2020\/07\/announcements.jpg\",\"contentUrl\":\"https:\/\/freshsites.afterschool.media\/raisincity-es\/wp-content\/uploads\/sites\/33\/2020\/07\/announcements.jpg\",\"width\":250,\"height\":500},{\"@type\":\"BreadcrumbList\",\"@id\":\"https:\/\/freshsites.afterschool.media\/raisincity-es\/parents\/announcements\/#breadcrumb\",\"itemListElement\":[{\"@type\":\"ListItem\",\"position\":1,\"name\":\"Parents\",\"item\":\"https:\/\/freshsites.afterschool.media\/raisincity-es\/parents\/\"},{\"@type\":\"ListItem\",\"position\":2,\"name\":\"Announcements\"}]},{\"@type\":\"WebSite\",\"@id\":\"https:\/\/freshsites.afterschool.media\/raisincity-es\/#website\",\"url\":\"https:\/\/freshsites.afterschool.media\/raisincity-es\/\",\"name\":\"Raisin City Elementary\",\"description\":\"Empowering Students for Success\",\"publisher\":{\"@id\":\"https:\/\/freshsites.afterschool.media\/raisincity-es\/#organization\"},\"potentialAction\":[{\"@type\":\"SearchAction\",\"target\":{\"@type\":\"EntryPoint\",\"urlTemplate\":\"https:\/\/freshsites.afterschool.media\/raisincity-es\/?s={search_term_string}\"},\"query-input\":{\"@type\":\"PropertyValueSpecification\",\"valueRequired\":true,\"valueName\":\"search_term_string\"}}],\"inLanguage\":\"en-US\"},{\"@type\":\"Organization\",\"@id\":\"https:\/\/freshsites.afterschool.media\/raisincity-es\/#organization\",\"name\":\"Raisin City Elementary\",\"url\":\"https:\/\/freshsites.afterschool.media\/raisincity-es\/\",\"logo\":{\"@type\":\"ImageObject\",\"inLanguage\":\"en-US\",\"@id\":\"https:\/\/freshsites.afterschool.media\/raisincity-es\/#\/schema\/logo\/image\/\",\"url\":\"https:\/\/freshsites.afterschool.media\/raisincity-es\/wp-content\/uploads\/sites\/33\/2020\/04\/raisincity.png\",\"contentUrl\":\"https:\/\/freshsites.afterschool.media\/raisincity-es\/wp-content\/uploads\/sites\/33\/2020\/04\/raisincity.png\",\"width\":75,\"height\":75,\"caption\":\"Raisin City Elementary\"},\"image\":{\"@id\":\"https:\/\/freshsites.afterschool.media\/raisincity-es\/#\/schema\/logo\/image\/\"}}]}<\/script>\n<!-- \/ Yoast SEO plugin. -->","yoast_head_json":{"title":"Announcements - Raisin City Elementary","robots":{"index":"index","follow":"follow","max-snippet":"max-snippet:-1","max-image-preview":"max-image-preview:large","max-video-preview":"max-video-preview:-1"},"canonical":"https:\/\/freshsites.afterschool.media\/raisincity-es\/parents\/announcements\/","og_locale":"en_US","og_type":"article","og_title":"Announcements - Raisin City Elementary","og_description":"Schedule Change Begins October 5, 2020. Our virtual program will be adjusting to match the Raisin City School District&#8217;s cohort schedule. See the schedule tab for changes Student Schedules\/Horario de los Estudiantes See what time your child will login for activities. Ver a qu\u00e9 hora iniciar\u00e1 sesi\u00f3n su hijo para las actividades. Student Schedule\/Horario de [&hellip;]","og_url":"https:\/\/freshsites.afterschool.media\/raisincity-es\/parents\/announcements\/","og_site_name":"Raisin City Elementary","article_modified_time":"2022-01-28T22:06:16+00:00","og_image":[{"url":"https:\/\/freshsites.afterschool.media\/raisincity-es\/wp-content\/uploads\/sites\/33\/2020\/07\/announcements.jpg","type":"","width":"","height":""}],"twitter_card":"summary_large_image","twitter_misc":{"Est. reading time":"1 minute"},"schema":{"@context":"https:\/\/schema.org","@graph":[{"@type":"WebPage","@id":"https:\/\/freshsites.afterschool.media\/raisincity-es\/parents\/announcements\/","url":"https:\/\/freshsites.afterschool.media\/raisincity-es\/parents\/announcements\/","name":"Announcements - Raisin City Elementary","isPartOf":{"@id":"https:\/\/freshsites.afterschool.media\/raisincity-es\/#website"},"primaryImageOfPage":{"@id":"https:\/\/freshsites.afterschool.media\/raisincity-es\/parents\/announcements\/#primaryimage"},"image":{"@id":"https:\/\/freshsites.afterschool.media\/raisincity-es\/parents\/announcements\/#primaryimage"},"thumbnailUrl":"https:\/\/freshsites.afterschool.media\/raisincity-es\/wp-content\/uploads\/sites\/33\/2020\/07\/announcements.jpg","datePublished":"2020-07-22T21:41:22+00:00","dateModified":"2022-01-28T22:06:16+00:00","breadcrumb":{"@id":"https:\/\/freshsites.afterschool.media\/raisincity-es\/parents\/announcements\/#breadcrumb"},"inLanguage":"en-US","potentialAction":[{"@type":"ReadAction","target":["https:\/\/freshsites.afterschool.media\/raisincity-es\/parents\/announcements\/"]}]},{"@type":"ImageObject","inLanguage":"en-US","@id":"https:\/\/freshsites.afterschool.media\/raisincity-es\/parents\/announcements\/#primaryimage","url":"https:\/\/freshsites.afterschool.media\/raisincity-es\/wp-content\/uploads\/sites\/33\/2020\/07\/announcements.jpg","contentUrl":"https:\/\/freshsites.afterschool.media\/raisincity-es\/wp-content\/uploads\/sites\/33\/2020\/07\/announcements.jpg","width":250,"height":500},{"@type":"BreadcrumbList","@id":"https:\/\/freshsites.afterschool.media\/raisincity-es\/parents\/announcements\/#breadcrumb","itemListElement":[{"@type":"ListItem","position":1,"name":"Parents","item":"https:\/\/freshsites.afterschool.media\/raisincity-es\/parents\/"},{"@type":"ListItem","position":2,"name":"Announcements"}]},{"@type":"WebSite","@id":"https:\/\/freshsites.afterschool.media\/raisincity-es\/#website","url":"https:\/\/freshsites.afterschool.media\/raisincity-es\/","name":"Raisin City Elementary","description":"Empowering Students for Success","publisher":{"@id":"https:\/\/freshsites.afterschool.media\/raisincity-es\/#organization"},"potentialAction":[{"@type":"SearchAction","target":{"@type":"EntryPoint","urlTemplate":"https:\/\/freshsites.afterschool.media\/raisincity-es\/?s={search_term_string}"},"query-input":{"@type":"PropertyValueSpecification","valueRequired":true,"valueName":"search_term_string"}}],"inLanguage":"en-US"},{"@type":"Organization","@id":"https:\/\/freshsites.afterschool.media\/raisincity-es\/#organization","name":"Raisin City Elementary","url":"https:\/\/freshsites.afterschool.media\/raisincity-es\/","logo":{"@type":"ImageObject","inLanguage":"en-US","@id":"https:\/\/freshsites.afterschool.media\/raisincity-es\/#\/schema\/logo\/image\/","url":"https:\/\/freshsites.afterschool.media\/raisincity-es\/wp-content\/uploads\/sites\/33\/2020\/04\/raisincity.png","contentUrl":"https:\/\/freshsites.afterschool.media\/raisincity-es\/wp-content\/uploads\/sites\/33\/2020\/04\/raisincity.png","width":75,"height":75,"caption":"Raisin City Elementary"},"image":{"@id":"https:\/\/freshsites.afterschool.media\/raisincity-es\/#\/schema\/logo\/image\/"}}]}},"_links":{"self":[{"href":"https:\/\/freshsites.afterschool.media\/raisincity-es\/wp-json\/wp\/v2\/pages\/1330","targetHints":{"allow":["GET"]}}],"collection":[{"href":"https:\/\/freshsites.afterschool.media\/raisincity-es\/wp-json\/wp\/v2\/pages"}],"about":[{"href":"https:\/\/freshsites.afterschool.media\/raisincity-es\/wp-json\/wp\/v2\/types\/page"}],"author":[{"embeddable":true,"href":"https:\/\/freshsites.afterschool.media\/raisincity-es\/wp-json\/wp\/v2\/users\/2"}],"replies":[{"embeddable":true,"href":"https:\/\/freshsites.afterschool.media\/raisincity-es\/wp-json\/wp\/v2\/comments?post=1330"}],"version-history":[{"count":40,"href":"https:\/\/freshsites.afterschool.media\/raisincity-es\/wp-json\/wp\/v2\/pages\/1330\/revisions"}],"predecessor-version":[{"id":2453,"href":"https:\/\/freshsites.afterschool.media\/raisincity-es\/wp-json\/wp\/v2\/pages\/1330\/revisions\/2453"}],"up":[{"embeddable":true,"href":"https:\/\/freshsites.afterschool.media\/raisincity-es\/wp-json\/wp\/v2\/pages\/2224"}],"wp:attachment":[{"href":"https:\/\/freshsites.afterschool.media\/raisincity-es\/wp-json\/wp\/v2\/media?parent=1330"}],"curies":[{"name":"wp","href":"https:\/\/api.w.org\/{rel}","templated":true}]}}